Let r be u(5). What are the prime factors of 3*1/r*88?
2, 11
Suppose 0*i = 2*i. Let q(n) be the second derivative of -2*n**3/3 + 62*n**2 + 24*n - 2. What are the prime factors of q(i)?
2, 31
Let n = 14081 + 27558. What are the prime factors of n?
13, 3203
Suppose -3*n = a + 2*n - 20477, 81823 = 4*a + 3*n. What are the prime factors of a?
2, 5113
Suppose 0 = t - 3*i + 9070 - 25683, 0 = -2*t - 2*i + 33258. What are the prime factors of t?
5, 7, 19
Suppose -326 + 327 = d. List the prime factors of (273/(-14))/(d/(-38)).
3, 13, 19
Let s(u) = 20*u**3 - 2*u**2 - 6*u + 14. Let i be (-1)/(3 - 60/18). What are the prime factors of s(i)?
2, 7, 37
Suppose -r + 1 = -c, 3*r = -2*c - 0 - 2. Suppose r = -20*m + 25*m. Suppose 6*n - 772 + 256 = m. List the prime factors of n.
2, 43
Let w(f) = f**2 - 15*f + 841. What are the prime factors of w(-47)?
5, 751
Let f = -6088 - -13389. List the prime factors of f.
7, 149
Let g(t) = -t**2 + 6*t + 5. Let w be g(5). Suppose 0*u + w = 2*u - 3*n, 10 = 2*u - n. What are the prime factors of 12/(-30) - (-717)/u?
11, 13
Let k(s) = s**2 + 26*s + 25. Let z be k(-25). Suppose z = -4*r + 4*p + 2840, -r + 3*p + 295 + 419 = 0. List the prime factors of r.
2, 3, 59
Suppose 25 = 3*m - 0*m - 5*b, 5*m - 3*b = 15. Suppose -4*x + 61 - 21 = m. What are the prime factors of 675/x + (-18)/(-12)?
3, 23
List the prime factors of (10220/16 - -4)*1960/42.
5, 7, 857
Let l be 1 - 5 - (2 + 0). Let u(d) = -3*d**3 - 8*d**2 + d + 2. Let t be u(l). Suppose 3*c - t = -2*i - 0*i, 2*i = 2. List the prime factors of c.
2, 59
Suppose -3*a - 3*x - 544 = -5*x, -5*x + 915 = -5*a. Let c be (-19)/(152/(-192))*13. Let y = c + a. What are the prime factors of y?
2, 67
Let t(f) = -15*f - 9. Let r be t(-9). Suppose 0 = 60*z - 99 + 699. Let i = r - z. What are the prime factors of i?
2, 17
Suppose -2*l - 57 + 929 = 0. Suppose 4*c - l = 260. List the prime factors of c.
2, 3, 29
Let k = 4511 - 2330. Let r = -392 + k. List the prime factors of r.
1789
Let q = 472 - 456. Suppose s - 377 = q. List the prime factors of s.
3, 131
Suppose 0 = -5*x - 5*j + 70785, -2*x + 2*j + 2986 + 25340 = 0. List the prime factors of x.
2, 3, 5, 59
Let w(y) = -3*y - 4. Let p(m) = m. Let n(k) = -3*p(k) + w(k). Let x(c) = -c**3 + 50*c**2 + 162*c - 168. Let l be x(53). List the prime factors of n(l).
2, 5
Suppose -3*s = -4*o + 16, 0 = 2*o - 0*s - s - 8. Let d(i) = 6*i**3 + 6*i**2 - 3*i + 13. What are the prime factors of d(o)?
13, 37
Let v(k) be the second derivative of k**5/20 - 4*k**4/3 + 2*k**3 + 47*k**2/2 + 4*k. Let z be v(15). Suppose 470 = -0*r + z*r. List the prime factors of r.
5, 47
Let n be 447516/180 - (-8)/10. Let z = 4242 - n. What are the prime factors of z?
3, 5, 13
Let p be 366/26 - 42/546. Let c(g) = g + 5. Let a be c(-5). Suppose a*i = -p*i + 2142. List the prime factors of i.
3, 17
Let c = -147 + 2661. What are the prime factors of c?
2, 3, 419
Let c(a) = a**3 - 9*a**2 + 22*a - 8. Let w be c(4). Suppose 0*y - 316 = 2*s + 2*y, 3*s + y + 476 = w. Let v = 360 + s. List the prime factors of v.
3, 67
Let a = -370 - 235. Let s = a + 912. Suppose -3*o + 507 = 5*n, -s = -5*n + 2*n + o. What are the prime factors of n?
2, 3, 17
Let d = -202 + -295. Let m = d - -1124. List the prime factors of m.
3, 11, 19
Suppose -5*s + 2*j - 15951 = -129923, -45585 = -2*s - 3*j. What are the prime factors of s?
2, 3, 29, 131
Let u(j) = 43*j**2 + j + 4. Let z be (-12)/(-28) + ((-40)/28 - 2). List the prime factors of u(z).
2, 97
Let z(w) be the first derivative of -w**4/2 - 2*w**3 - 11*w**2/2 - 4*w + 3019. Let v be (-5)/(-3)*(-3)/1. List the prime factors of z(v).
151
Suppose -7*w = -5*w + 22. Let r = -15 - w. What are the prime factors of (-1380)/(-18) - r/(-6)?
2, 19
Let x = -2530 + 10521. What are the prime factors of x?
61, 131
Let o = 148875 + -83897. What are the prime factors of o?
2, 53, 613
Let b be (6/(-8))/((-44)/57552). Let d = b + 334. List the prime factors of d.
5, 263
Suppose 5 = -h + 3*f + 39, 4*h + 4*f = 152. Suppose 34*m = h*m - 702. What are the prime factors of m?
2, 3, 13
Suppose 159 = 14*r - 9. Suppose -5920 = 2*j - r*j. List the prime factors of j.
2, 37
Let g(q) = -135*q - 3. Let s be g(-2). Let k be -14 + -113 - -5*(2 + -1). Let h = s + k. List the prime factors of h.
5, 29
Let n(l) = -l**3 - 11*l**2 + 28*l - 68. What are the prime factors of n(-28)?
2, 3119
Suppose -16 = -3*d - 10. Suppose 0 = d*s - 3*s + 2. Suppose s*z = z - 3*b + 42, -2*z = -3*b - 57. List the prime factors of z.
3, 11
What are the prime factors of (-2 - -5) + (-412900)/(-10)?
7, 17, 347
Suppose 3*o - 1422 = 4617. Suppose 2*u = -y + o + 561, 1290 = u - y. Suppose u = 17*d - 3*d. What are the prime factors of d?
2, 23
Let o = 56 + -61. Let v = o - -210. What are the prime factors of v?
5, 41
Let v(z) be the third derivative of z**5/60 - 8*z**3/3 - 9*z**2. Let u be v(-4). Suppose 3*j - j = 4*m + 50, u = 4*j - 3*m - 120. List the prime factors of j.
3, 11
Suppose -2*n + 4*r = -2, -3*n - r = 2 - 19. Suppose 4*q - 480 = -3*h, n*q + 227 - 822 = -5*h. What are the prime factors of q?
3, 41
Suppose 2*r - 1881168 = -117*r + 218944. List the prime factors of r.
2, 1103
Let p = -58 - -56. Let z(u) = 220*u**2 + 22*u + 1. What are the prime factors of z(p)?
3, 31
Suppose 8*f + 11717 = 3*v, -4*v + 14636 + 1016 = 4*f. List the prime factors of v.
3911
List the prime factors of (-711384)/(-26) + (-1296)/1404.
2, 3, 5, 19
Suppose 4*w - 652 = -4*y, 3*y = -2*y + 5. Suppose -3*m = -3*i - 330 - w, -i = 3*m - 508. List the prime factors of m.
2, 3, 7
Let p(t) be the second derivative of 1/2*t**4 - 8*t + 1/20*t**5 - 7/2*t**2 + 0 - 1/6*t**3. What are the prime factors of p(-5)?
23
Suppose -10223 = -3*h - r, -2*h = 6*r - 8*r - 6802. What are the prime factors of h?
2, 13, 131
Let z = -51 + 56. Suppose -z*x - 2*w = -1386, 2*w - 438 - 670 = -4*x. List the prime factors of (-2)/(4 + (-1116)/x).
139
Let z be (-18)/(-16) - (-5)/(-40). List the prime factors of (350 - 23) + z*-4.
17, 19
Suppose -19*d = -9*d - 6120. Suppose r - d - 642 = 0. Suppose r = 13*j - 7*j. What are the prime factors of j?
11, 19
Suppose 3*d = 2*s - 135196, 66*s - 64*s + 2*d = 135236. What are the prime factors of s?
2, 5, 6761
What are the prime factors of 0 + 21098 - (-93)/(-62)*32/12?
2, 53, 199
Suppose 17*v - 242600 = -11*v + 3*v. What are the prime factors of v?
2, 1213
What are the prime factors of ((-1788869)/(-532))/(7/28) + (-1)/7?
2, 5, 269
Suppose 2*p - 54568 - 44677 + 29355 = -5*l, 0 = 11*p. List the prime factors of l.
2, 29, 241
Let d(n) = -19*n**3 - 9*n**2 + 47*n + 100. List the prime factors of d(-9).
12799
Let b = 8354 + 14407. What are the prime factors of b?
3, 281
Let o = 2 + -4. Suppose 940 = -93*d + 42 + 61. List the prime factors of (-19396)/(-117) + o/d.
2, 83
Let i = -1863 + -358. Let f be 6/16 + i/(-8). Suppose -3*a + 205 = -f. What are the prime factors of a?
7, 23
Let x(g) = 144*g**2 + 21*g - 19. What are the prime factors of x(16)?
37181
Suppose -4*o + 2268 = -4*v, 0 = -5*o + 5*v - 4*v + 2839. Let r = o + -320. List the prime factors of r.
2, 31
Suppose -2*r = -4*x + 1912, r - 12*x = -8*x - 962. Let v = -429 - r. What are the prime factors of v?
521
Suppose -3*u + 14 = 134. Let t be (u/(-70))/(4/14). Suppose t*l - 34 = -0*l. List the prime factors of l.
17
Suppose 5*q - 10 = 5*w - 15, 1 = -2*w - q. What are the prime factors of -5*((-3272)/20 - w)?
2, 409
Let l = -890 - -134. Let m = -233 - l. List the prime factors of m.
523
Suppose -8*i + 2 = -14. Suppose q + 3*k = 2*q - 83, q - i*k - 81 = 0. List the prime factors of q.
7, 11
List the prime factors of (3 - 65/39)*3687.
2, 1229
Suppose 80698*c - 19560 = 80695*c. What are the prime factors of c?
2, 5, 163
Let z = 34 - -8. Suppose 39*p - z*p + 27 = 0. Let k(l) = -l**3 + 10*l**2 - 7*l + 11. List the prime factors of k(p).
29
Suppose 101920 = 3*h - m, -2216*m + 2214*m + 33985 = h. What are the prime factors of h?
3, 5, 151
Suppose -4*r - 394 - 4057 = -5*f, 3*f - r = 2672. Suppose 5*t = -0*t - 2*y + 1131, 0 = -4*t + 3*y + f. List the prime factors of t.
3, 5
Let r(y) = y**3 - 5*y**2 - 3*y - 14. Let u = -34 + 40. Let o be r(u). Suppose -5*p = -2*z - 438, o*p + z = 2*p + 177. What are the prime factors of p?
2, 11
Let h = 411 - 143. Let s = 64 + h. What are the prime factors of s?
